greatest common factor of 377 and v?
29
Let l(t) = 1326*t - 9618. Let g be l(8). Calculate the highest common divisor of g and 60.
30
Let r(d) = d**3 + 11*d**2 + 10*d - 4. Let m be r(-8). Let b be (-48)/(-12) + 12 + -8. Calculate the highest common divisor of m and b.
4
Let p = -30 - 240. Let q be 2 - 27/12 - p/(-40). Let o(a) = -55*a + 7. Let z be o(q). What is the greatest common factor of z and 49?
49
Suppose -4*o + 10 = -190. Let i = o - 23. Suppose 0 = 3*x - 0*x - i. What is the greatest common divisor of 81 and x?
9
Suppose -340*m - 15 + 2475 = 80. Let r(g) = 7*g**2 - 4*g + 5. Let d be r(-4). Calculate the highest common factor of m and d.
7
Suppose 2*d = -2*m + 13 + 13, 3*m = 2*d + 59. Let s be (-103365)/(-320) + (-189)/12096. What is the highest common divisor of m and s?
17
Suppose -5*n = 4*q - 60, -47*n = -5*q - 43*n + 116. Calculate the highest common divisor of 5290 and q.
10
Suppose -a - 154 = -j + 343, -4*a - 7964 = -16*j. Calculate the highest common divisor of 10 and j.
2
Suppose 5*z = -5*m + 830, -5*z = -2*z + m - 496. Suppose -3*l = 18, -292*i + 238 = -288*i - 3*l. What is the highest common divisor of i and z?
55
Let p = -1866 - -2898. What is the greatest common divisor of p and 903?
129
Let p be 0 + 6/9*-6. Let r = 36 - p. Calculate the greatest common divisor of 440 and r.
40
Let a(r) = -4*r - 2. Let x(k) = -4*k - 3. Let g(l) = 4*a(l) - 5*x(l). Let n be g(8). Let y = 13522 + -13444. What is the greatest common divisor of n and y?
39
Let v be ((-4)/5)/((-6)/75). Suppose 678 = -6*u + 24*u - 852. What is the highest common divisor of v and u?
5
Suppose 193*v - 480636 = 103961. What is the greatest common factor of 1 and v?
1
Let f = 14 + -8. Let x = f - -4. Let n be -20*(8 + (-175)/14). Calculate the highest common divisor of x and n.
10
Suppose -100 = -x + 2*d, -3*x + 265 = -0*x + d. Let i = x + -80. Calculate the highest common factor of i and 430.
10
Let t(l) = -l**3 - 28*l**2 + 162*l - 22. Let x be t(-33). Calculate the highest common factor of x and 175.
7
Suppose 39*m - 20832 = 11909 - 2711. Calculate the highest common divisor of 231 and m.
77
Let d(c) = 2*c**2 + 197*c + 105. Let g be d(-98). Suppose 0 = 4*z - z + 9, 2*z - 39 = 5*q. Let j be 2*7*q/(-2). Calculate the greatest common factor of g and j.
7
Let r = 3112 - 3068. Calculate the highest common factor of r and 1958.
22
Suppose 2648 = 30*x - 2392. Suppose -147 = -3*s - 4*s. What is the greatest common factor of x and s?
21
Let c(m) = 3*m**3 + 7*m**2 - 2. Let z be c(-2). Suppose 0 = -z*v - 3*j + 5, -3*j = -4*v + j + 60. Calculate the greatest common divisor of v and 190.
10
Suppose 0 = -6*z + 745 - 595. Suppose 0 = -545*j + 534*j + 660. What is the highest common factor of j and z?
5
Suppose 11 = 19*i - 84. Suppose 5*z - 110 = -i*j, 81 = 3*j - 3*z - 9. What is the greatest common divisor of 377 and j?
13
Let z(m) = 70*m**3 - 3*m - 3. Let d be z(-1). Let t be 20/d + 590/7. What is the highest common factor of t and 12?
12
Suppose 0 = 2*o - w - 19, 6*o = 11*o + 4*w - 80. Suppose -o*z + 9*z = -780. Calculate the greatest common factor of 20 and z.
20
Suppose -3*z - 4*m = -73, 6 = z + 2*m - 17. Let t(l) = 41*l + 17. Let c be t(13). Let n = -253 + c. What is the greatest common divisor of z and n?
27
Suppose 10 = -2*i, -3*i = -4*l + 388 + 163. Let x = l + -122. What is the greatest common divisor of x and 1068?
12
Suppose -4*b + 5*g = -1021, -b + 4*g - g = -264. Suppose v + j + 17 = 74, -3*j - b = -4*v. What is the greatest common divisor of 80 and v?
20
Let c be 0*(2/8)/(4/8). Suppose c = 20*r - 1 - 59. What is the greatest common divisor of r and 39?
3
Suppose 7*c + 91 = 28. Let k be (-2)/(33/c - -3). Let x be (-5)/5*k - -255. What is the highest common factor of x and 28?
28
Suppose -113*y = -110*y + 2*n - 204, 2*y - 5*n - 79 = 0. Calculate the greatest common divisor of 13392 and y.
62
Let z = 11539 + -11511. What is the greatest common divisor of 3738 and z?
14
Let z = -2121 + 2382. Calculate the highest common divisor of z and 315.
9
Let v = -210 - -134. Let m = v - -32. Let h = 124 + m. Calculate the highest common factor of 32 and h.
16
Let c = -18651 + 18689. Calculate the highest common factor of c and 82.
2
Let q = -16148 - -17153. What is the highest common factor of q and 405?
15
Let b = -80 + 86. Let n be (-17)/(((-24)/b)/16). What is the greatest common factor of n and 272?
68
Let l(g) = -g**3 + 48*g**2 - 5*g + 471. Let b be l(48). What is the greatest common factor of 957 and b?
33
Suppose -3*v - 4*x = -413 - 1072, x = 3*v - 1500. Suppose 4*f - 50 - 362 = 0. Let z = v - f. What is the highest common divisor of 36 and z?
36
Let g(b) = -25*b**3 - 5*b**2 + 2*b + 4. Let i be g(-1). What is the highest common divisor of 1782 and i?
22
Let j(f) = -2*f**2 - 4*f + 53. Let r be j(-6). Suppose 4*d + r*q - 170 = 0, 7*d + 4*q = 11*d - 188. Calculate the greatest common factor of d and 105.
15
Let a = 199 + -179. What is the highest common factor of 2180 and a?
20
Let n be 8666/12 - 3/18 - -4. What is the highest common factor of n and 132?
66
Let s(z) = 17*z + 740. Let c be s(-43). What is the highest common divisor of c and 14?
1
Suppose -3*m - 4*a + 156 = 0, -m - 3*a + 39 = -8. Let i = -859 + 875. Calculate the highest common divisor of i and m.
8
Let d = 4692 - 2982. Calculate the greatest common divisor of d and 15.
15
Let l(j) = 2*j**2 - 23*j + 96. Let y be l(13). Suppose -3*b - 3*c = 3, 5*b + 3*c - 2 = 3. Let s be 2/b*(-1 + 55). What is the greatest common factor of y and s?
27
Let n be 209*((-5)/(-9) - 312/(-702)). What is the highest common divisor of 132 and n?
11
Let d be ((-6)/2)/(6/52*-1). Let o(u) = -u + 92. Let p be o(d). What is the greatest common divisor of 11 and p?
11
Let s be 14 + 1002/(-72) + 238/24. Suppose 3*x + 15 = 2*t, x - 5*x - 12 = 0. Suppose -t*m = -51 + 6. What is the highest common factor of m and s?
5
Let c = 10 + 0. Let u(d) = 13*d**2 + 8*d - 11. Let l be u(7). Suppose 7*o + 122 - l = 0. Calculate the highest common factor of c and o.
10
Let f(c) = -c**2 + 3 + 4*c + 4*c - 2*c. Let h be f(6). Suppose 4*k + 4*v - 2 = 30, -31 = -4*k - h*v. What is the highest common divisor of 7 and k?
7
Suppose 0 = 5*c + 4*j - 1599, -433*c + 2*j - 1278 = -437*c. What is the highest common divisor of 551 and c?
29
Let r(q) = 3*q**2 + 7*q. Let o be r(-5). Suppose -23*s + 19*a = 14*a - 1880, -3*s = a - 232. Calculate the highest common factor of s and o.
40
Let l = -17779 + 18003. What is the greatest common divisor of l and 1360?
16
Let p = 6061 + -4957. Calculate the highest common factor of 18 and p.
6
Let g = -596 - -656. Suppose g - 100 = -c. What is the highest common factor of c and 460?
20
Let o(p) = 2*p**2 - 128*p + 1214. Let a be o(53). Suppose -4*x + 1904 = 5*z, -3*z - 3*x + 1156 = -4*x. Calculate the highest common divisor of z and a.
48
Let t(d) = -445*d**3 + d**2 + 19*d + 31. Let x be t(-3). Calculate the highest common factor of x and 14.
14
Suppose -5*f + 4 = -2*a, 80 = 4*a - 45*f + 46*f. Let c = -120 - -53. Let x = c + 121. Calculate the greatest common factor of x and a.
18
Suppose -4*u = -5*u + 19. Let q be -110 + ((-32)/(-8) - (7 + -2)). Let k = q + 130. Calculate the highest common factor of u and k.
19
Let n be -1 + 2 + (-9 - -140). Let c(q) = 2*q - 460 + 234 + 235. Let l be c(12). What is the highest common divisor of n and l?
33
Let f = -67 + 63. Let g be 805/(-14) + 2/f. Let z = 94 + g. What is the greatest common divisor of z and 24?
12
Suppose 5*y = 2*d - 5*d, 0 = 2*y + 6. Suppose i = -3*f + 108, f = d*f. Let c be i/(-189) + (-512)/(-14). Calculate the highest common divisor of 4 and c.
4
Suppose -4*w = -3*j - 581, 1 + 24 = 5*w. Let p = -176 - j. Let f = 4 - -7. Calculate the highest common divisor of f and p.
11
Let t(z) = z**2 - 1. Let f be t(-1). Let u = -17 + f. Let b = u + 27. Calculate the highest common factor of b and 15.
5
Suppose -2*r = -5*n - 476, -17*r + 16*r = 5*n - 193. Calculate the greatest common factor of r and 21854.
223
Let f = -190 + 282. Let u = f + -41. Suppose -98 = -5*r - 13. What is the greatest common divisor of u and r?
17
Let x be (35/(-15) - -3)*12. Let z = -8 + x. Suppose z*a - 4*a = -28. What is the greatest common divisor of a and 21?
7
Let g be (378/(-12) - -25)/((-1)/2). What is the gre